{"id":607,"date":"2024-12-17T19:28:14","date_gmt":"2024-12-17T18:28:14","guid":{"rendered":"https:\/\/zula-kids.pl\/nowy\/?post_type=product&#038;p=607"},"modified":"2025-10-02T23:45:35","modified_gmt":"2025-10-02T21:45:35","slug":"lozeczko-chmurka-z-szuflada-oraz-dodatkowym-spaniem","status":"publish","type":"product","link":"https:\/\/zula-kids.pl\/nowy\/produkt\/lozeczko-chmurka-z-szuflada-oraz-dodatkowym-spaniem\/","title":{"rendered":"\u0141\u00f3\u017ceczko dzieci\u0119ce Chmurka z szuflada oraz dodatkowym spaniem"},"content":{"rendered":"<h2 data-start=\"218\" data-end=\"288\">\ud83d\udecf\ufe0f \u0141\u00f3\u017ceczko \u201eChmurka\u201d z szuflad\u0105 i dodatkowym spaniem okazjonalnym<\/h2>\n<p data-start=\"290\" data-end=\"530\"><strong data-start=\"290\" data-end=\"309\">Zestaw zawiera:<\/strong><br data-start=\"309\" data-end=\"312\" \/>\u2705 \u0142\u00f3\u017ceczko z ozdobnym zag\u0142\u00f3wkiem \u201echmurka\u201d<br data-start=\"354\" data-end=\"357\" \/>\u2705 <strong data-start=\"359\" data-end=\"404\">metalowy stela\u017c z listwami spr\u0119\u017cynuj\u0105cymi<\/strong> (g\u0142\u00f3wne spanie)<br data-start=\"420\" data-end=\"423\" \/>\u2705 <strong data-start=\"425\" data-end=\"487\">wysuwana szuflada z wbudowanym twardym materacem piankowym<\/strong> \u2013 funkcja pojemnika i okazjonalnego spania<\/p>\n<p data-start=\"532\" data-end=\"613\">\ud83d\udeab <em data-start=\"535\" data-end=\"613\">Barierka i g\u0142\u00f3wny materac wybierane osobno \u2013 poni\u017cej konfiguratora produktu.<\/em><\/p>\n<hr data-start=\"615\" data-end=\"618\" \/>\n<h3 data-start=\"620\" data-end=\"637\">\u2728 O produkcie<\/h3>\n<p data-start=\"639\" data-end=\"1011\">Wersja \u0142\u00f3\u017ceczka \u201eChmurka\u201d z szuflad\u0105 to idealne rozwi\u0105zanie dla rodzic\u00f3w szukaj\u0105cych kompromisu mi\u0119dzy praktyczno\u015bci\u0105 a estetyk\u0105. Wysuwana szuflada mo\u017ce s\u0142u\u017cy\u0107 jako <strong data-start=\"804\" data-end=\"836\">schowek na po\u015bciel i zabawki<\/strong>, a jednocze\u015bnie pe\u0142ni funkcj\u0119 <strong data-start=\"867\" data-end=\"891\">okazjonalnego spania<\/strong> \u2013 np. dla go\u015bci lub drzemki w ci\u0105gu dnia. Szuflada zawiera ju\u017c <strong data-start=\"955\" data-end=\"992\">wbudowany twardy materac piankowy<\/strong>, gotowy do u\u017cycia.<\/p>\n<hr data-start=\"1013\" data-end=\"1016\" \/>\n<h3 data-start=\"1018\" data-end=\"1046\">\u2194\ufe0f Wyb\u00f3r strony \u0142\u00f3\u017ceczka<\/h3>\n<p data-start=\"1048\" data-end=\"1181\">Stron\u0119 okre\u015blasz <strong data-start=\"1065\" data-end=\"1098\">patrz\u0105c na \u0142\u00f3\u017ceczko od frontu<\/strong> \u2013 po kt\u00f3rej stronie znajduje si\u0119 <strong data-start=\"1132\" data-end=\"1180\">zag\u0142\u00f3wek (wi\u0119ksza cz\u0119\u015b\u0107 w kszta\u0142cie chmurki)<\/strong>:<\/p>\n<div class=\"_tableContainer_80l1q_1\">\n<div class=\"_tableWrapper_80l1q_14 group flex w-fit flex-col-reverse\" tabindex=\"-1\">\n<table class=\"w-fit min-w-(--thread-content-width)\" data-start=\"1183\" data-end=\"1385\">\n<thead data-start=\"1183\" data-end=\"1216\">\n<tr data-start=\"1183\" data-end=\"1216\">\n<th data-start=\"1183\" data-end=\"1192\" data-col-size=\"sm\">Wersja<\/th>\n<th data-start=\"1192\" data-end=\"1203\" data-col-size=\"sm\">Zag\u0142\u00f3wek<\/th>\n<th data-start=\"1203\" data-end=\"1216\" data-col-size=\"sm\">Barierka*<\/th>\n<\/tr>\n<\/thead>\n<tbody data-start=\"1251\" data-end=\"1385\">\n<tr data-start=\"1251\" data-end=\"1317\">\n<td data-start=\"1251\" data-end=\"1263\" data-col-size=\"sm\"><strong data-start=\"1253\" data-end=\"1262\">Prawa<\/strong><\/td>\n<td data-col-size=\"sm\" data-start=\"1263\" data-end=\"1304\">po <strong data-start=\"1268\" data-end=\"1286\">prawej stronie<\/strong> (jak na zdj\u0119ciu)<\/td>\n<td data-col-size=\"sm\" data-start=\"1304\" data-end=\"1317\">po prawej<\/td>\n<\/tr>\n<tr data-start=\"1318\" data-end=\"1385\">\n<td data-start=\"1318\" data-end=\"1330\" data-col-size=\"sm\"><strong data-start=\"1320\" data-end=\"1328\">Lewa<\/strong><\/td>\n<td data-col-size=\"sm\" data-start=\"1330\" data-end=\"1373\">po <strong data-start=\"1335\" data-end=\"1352\">lewej stronie<\/strong> (lustrzane odbicie)<\/td>\n<td data-col-size=\"sm\" data-start=\"1373\" data-end=\"1385\">po lewej<\/td>\n<\/tr>\n<\/tbody>\n<\/table>\n<div class=\"sticky end-(--thread-content-margin) h-0 self-end select-none\">\n<div class=\"absolute end-0 flex items-end\"><\/div>\n<\/div>\n<\/div>\n<\/div>\n<p data-start=\"1387\" data-end=\"1514\">*Barierka (je\u015bli dokupiona) jest <strong data-start=\"1421\" data-end=\"1448\">przykr\u0119cana do szuflady<\/strong> i <strong data-start=\"1451\" data-end=\"1477\">wysuwa si\u0119 razem z ni\u0105<\/strong>, zapewniaj\u0105c dziecku bezpiecze\u0144stwo.<\/p>\n<p data-start=\"1516\" data-end=\"1671\">\ud83d\uddbc\ufe0f <strong data-start=\"1520\" data-end=\"1549\">Zobacz grafik\u0119 techniczn\u0105<\/strong> \u2013 pokazuje r\u00f3\u017cnic\u0119 mi\u0119dzy wersj\u0105 praw\u0105 a lew\u0105.<br data-start=\"1596\" data-end=\"1599\" \/>\ud83d\udcce <em data-start=\"1602\" data-end=\"1671\">(wstaw grafik\u0119 powy\u017cej tej sekcji lub tu\u017c pod tabel\u0105 wyboru strony)<\/em><\/p>\n<hr data-start=\"1673\" data-end=\"1676\" \/>\n<h3 data-start=\"1678\" data-end=\"1703\">\ud83d\udce6 Co zawiera zestaw?<\/h3>\n<ul data-start=\"1705\" data-end=\"1923\">\n<li data-start=\"1705\" data-end=\"1745\">\n<p data-start=\"1707\" data-end=\"1745\">Rama \u0142\u00f3\u017ceczka z zag\u0142\u00f3wkiem \u201echmurka\u201d<\/p>\n<\/li>\n<li data-start=\"1746\" data-end=\"1813\">\n<p data-start=\"1748\" data-end=\"1813\"><strong data-start=\"1748\" data-end=\"1793\">Metalowy stela\u017c z listwami spr\u0119\u017cynuj\u0105cymi<\/strong> pod g\u0142\u00f3wne spanie<\/p>\n<\/li>\n<li data-start=\"1814\" data-end=\"1923\">\n<p data-start=\"1816\" data-end=\"1923\"><strong data-start=\"1816\" data-end=\"1869\">Szuflada z wbudowanym twardym materacem piankowym<\/strong> \u2013 gotowa do u\u017cycia jako okazjonalne spanie i pojemnik<\/p>\n<\/li>\n<\/ul>\n<hr data-start=\"1925\" data-end=\"1928\" \/>\n<h3 data-start=\"1930\" data-end=\"1973\">\ud83e\uddf8 Barierka ochronna (wybierana osobno)<\/h3>\n<ul data-start=\"1975\" data-end=\"2146\">\n<li data-start=\"1975\" data-end=\"2021\">\n<p data-start=\"1977\" data-end=\"2021\">Dedykowana do wybranej strony (lewa\/prawa)<\/p>\n<\/li>\n<li data-start=\"2022\" data-end=\"2078\">\n<p data-start=\"2024\" data-end=\"2078\">Przykr\u0119cana do szuflady \u2013 <strong data-start=\"2050\" data-end=\"2076\">wysuwa si\u0119 razem z ni\u0105<\/strong><\/p>\n<\/li>\n<li data-start=\"2079\" data-end=\"2146\">\n<p data-start=\"2081\" data-end=\"2146\">Mo\u017cna j\u0105 w ka\u017cdej chwili zdj\u0105\u0107 (demontowalna bez u\u017cycia narz\u0119dzi)<\/p>\n<\/li>\n<\/ul>\n<hr data-start=\"2148\" data-end=\"2151\" \/>\n<h3 data-start=\"2153\" data-end=\"2203\">\ud83d\udecf\ufe0f G\u0142\u00f3wny materac (g\u00f3rny) \u2013 wyb\u00f3r obowi\u0105zkowy<\/h3>\n<p data-start=\"2205\" data-end=\"2274\">Materac g\u0142\u00f3wny nie jest do\u0142\u0105czony \u2013 nale\u017cy go wybra\u0107 z opcji poni\u017cej:<\/p>\n<div class=\"_tableContainer_80l1q_1\">\n<div class=\"_tableWrapper_80l1q_14 group flex w-fit flex-col-reverse\" tabindex=\"-1\">\n<table class=\"w-fit min-w-(--thread-content-width)\" data-start=\"2276\" data-end=\"2560\">\n<thead data-start=\"2276\" data-end=\"2308\">\n<tr data-start=\"2276\" data-end=\"2308\">\n<th data-start=\"2276\" data-end=\"2284\" data-col-size=\"sm\">Model<\/th>\n<th data-start=\"2284\" data-end=\"2293\" data-col-size=\"sm\">Budowa<\/th>\n<th data-start=\"2293\" data-end=\"2308\" data-col-size=\"md\">W\u0142a\u015bciwo\u015bci<\/th>\n<\/tr>\n<\/thead>\n<tbody data-start=\"2342\" data-end=\"2560\">\n<tr data-start=\"2342\" data-end=\"2452\">\n<td data-start=\"2342\" data-end=\"2355\" data-col-size=\"sm\"><strong data-start=\"2344\" data-end=\"2354\">Pocket<\/strong><\/td>\n<td data-col-size=\"sm\" data-start=\"2355\" data-end=\"2387\">Spr\u0119\u017cyny kieszeniowe + pianka<\/td>\n<td data-col-size=\"md\" data-start=\"2387\" data-end=\"2452\">Dwustronny, \u015brednio twardy (H3), wys. 15 cm, dobra wentylacja<\/td>\n<\/tr>\n<tr data-start=\"2453\" data-end=\"2560\">\n<td data-start=\"2453\" data-end=\"2465\" data-col-size=\"sm\"><strong data-start=\"2455\" data-end=\"2464\">Visco<\/strong><\/td>\n<td data-col-size=\"sm\" data-start=\"2465\" data-end=\"2499\">Pianka HR + warstwa memory foam<\/td>\n<td data-col-size=\"md\" data-start=\"2499\" data-end=\"2560\">Jednostronny, dopasowuje si\u0119 do cia\u0142a dziecka, komfortowy<\/td>\n<\/tr>\n<\/tbody>\n<\/table>\n<div class=\"sticky end-(--thread-content-margin) h-0 self-end select-none\">\n<div class=\"absolute end-0 flex items-end\"><\/div>\n<\/div>\n<\/div>\n<\/div>\n<p data-start=\"2562\" data-end=\"2608\">\ud83d\udccc <em data-start=\"2565\" data-end=\"2608\">Brak wyboru = brak materaca w zam\u00f3wieniu.<\/em><\/p>\n<hr data-start=\"2610\" data-end=\"2613\" \/>\n<h3 data-start=\"2615\" data-end=\"2629\">\ud83d\udcd0 Wymiary<\/h3>\n<h4 data-start=\"2631\" data-end=\"2681\">\ud83d\udd39 Wymiary wbudowanego materaca w szufladzie:<\/h4>\n<ul data-start=\"2683\" data-end=\"2903\">\n<li data-start=\"2683\" data-end=\"2753\">\n<p data-start=\"2685\" data-end=\"2753\"><strong data-start=\"2685\" data-end=\"2717\">Dla \u0142\u00f3\u017cek o szeroko\u015bci 80 cm<\/strong> \u2013 materac ma <strong data-start=\"2731\" data-end=\"2751\">67 cm szeroko\u015bci<\/strong><\/p>\n<\/li>\n<li data-start=\"2754\" data-end=\"2828\">\n<p data-start=\"2756\" data-end=\"2828\"><strong data-start=\"2756\" data-end=\"2792\">Dla \u0142\u00f3\u017cek o szeroko\u015bci 90\u2013140 cm<\/strong> \u2013 materac ma <strong data-start=\"2806\" data-end=\"2826\">80 cm szeroko\u015bci<\/strong><\/p>\n<\/li>\n<li data-start=\"2829\" data-end=\"2903\">\n<p data-start=\"2831\" data-end=\"2903\">D\u0142ugo\u015b\u0107 odpowiada wybranemu rozmiarowi g\u0142\u00f3wnego \u0142\u00f3\u017cka (np. 160 \/ 180 cm)<\/p>\n<\/li>\n<\/ul>\n<p data-start=\"2905\" data-end=\"2976\">\ud83d\udecf\ufe0f Materac w szufladzie jest przeznaczony do <strong data-start=\"2951\" data-end=\"2975\">okazjonalnego spania<\/strong>.<\/p>\n<h4 data-start=\"2978\" data-end=\"3014\">\ud83d\udd39 Wymiary zewn\u0119trzne \u0142\u00f3\u017ceczka:<\/h4>\n<p data-start=\"3016\" data-end=\"3110\">Do d\u0142ugo\u015bci i szeroko\u015bci materaca nale\u017cy doda\u0107 <strong data-start=\"3063\" data-end=\"3075\">po 15 cm<\/strong>, aby otrzyma\u0107 pe\u0142ne wymiary mebla:<\/p>\n<div class=\"_tableContainer_80l1q_1\">\n<div class=\"_tableWrapper_80l1q_14 group flex w-fit flex-col-reverse\" tabindex=\"-1\">\n<table class=\"w-fit min-w-(--thread-content-width)\" data-start=\"3112\" data-end=\"3267\">\n<thead data-start=\"3112\" data-end=\"3149\">\n<tr data-start=\"3112\" data-end=\"3149\">\n<th data-start=\"3112\" data-end=\"3122\" data-col-size=\"sm\">Materac<\/th>\n<th data-start=\"3122\" data-end=\"3149\" data-col-size=\"sm\">Wymiar zewn\u0119trzny \u0142\u00f3\u017cka<\/th>\n<\/tr>\n<\/thead>\n<tbody data-start=\"3188\" data-end=\"3267\">\n<tr data-start=\"3188\" data-end=\"3213\">\n<td data-start=\"3188\" data-end=\"3200\" data-col-size=\"sm\">160\u00d780 cm<\/td>\n<td data-col-size=\"sm\" data-start=\"3200\" data-end=\"3213\">175\u00d795 cm<\/td>\n<\/tr>\n<tr data-start=\"3214\" data-end=\"3240\">\n<td data-start=\"3214\" data-end=\"3226\" data-col-size=\"sm\">180\u00d790 cm<\/td>\n<td data-col-size=\"sm\" data-start=\"3226\" data-end=\"3240\">195\u00d7105 cm<\/td>\n<\/tr>\n<tr data-start=\"3241\" data-end=\"3267\">\n<td data-start=\"3241\" data-end=\"3253\" data-col-size=\"sm\">200\u00d790 cm<\/td>\n<td data-col-size=\"sm\" data-start=\"3253\" data-end=\"3267\">215\u00d7105 cm<\/td>\n<\/tr>\n<\/tbody>\n<\/table>\n<div class=\"sticky end-(--thread-content-margin) h-0 self-end select-none\">\n<div class=\"absolute end-0 flex items-end\"><\/div>\n<\/div>\n<\/div>\n<\/div>\n<h4 data-start=\"3269\" data-end=\"3294\">\ud83d\udd39 Wysoko\u015b\u0107 zag\u0142\u00f3wka<\/h4>\n<p data-start=\"3296\" data-end=\"3404\">Mierzona <strong data-start=\"3305\" data-end=\"3349\">od pod\u0142ogi do najwy\u017cszego punktu chmurki<\/strong>. Wybierasz j\u0105 w konfiguratorze (np. 80 cm lub 100 cm).<\/p>\n<hr data-start=\"3406\" data-end=\"3409\" \/>\n<h3 data-start=\"3411\" data-end=\"3441\">\ud83e\udeb5 Materia\u0142y i wyko\u0144czenie<\/h3>\n<ul data-start=\"3443\" data-end=\"3618\">\n<li data-start=\"3443\" data-end=\"3464\">\n<p data-start=\"3445\" data-end=\"3464\">Lite drewno + MDF<\/p>\n<\/li>\n<li data-start=\"3465\" data-end=\"3514\">\n<p data-start=\"3467\" data-end=\"3514\">Zaokr\u0105glone kraw\u0119dzie, bezpieczne wyko\u0144czenie<\/p>\n<\/li>\n<li data-start=\"3515\" data-end=\"3571\">\n<p data-start=\"3517\" data-end=\"3571\">Farby wodne z certyfikatami bezpiecze\u0144stwa (EN 71-3)<\/p>\n<\/li>\n<li data-start=\"3572\" data-end=\"3618\">\n<p data-start=\"3574\" data-end=\"3618\">Produkcja r\u0119czna, na indywidualne zam\u00f3wienie<\/p>\n<\/li>\n<\/ul>\n<hr data-start=\"3620\" data-end=\"3623\" \/>\n<h3 data-start=\"3625\" data-end=\"3647\">\u23f1\ufe0f Czas realizacji<\/h3>\n<ul data-start=\"3649\" data-end=\"3737\">\n<li data-start=\"3649\" data-end=\"3683\">\n<p data-start=\"3651\" data-end=\"3683\">Produkcja trwa <strong data-start=\"3666\" data-end=\"3681\">8\u20139 tygodni<\/strong><\/p>\n<\/li>\n<li data-start=\"3684\" data-end=\"3737\">\n<p data-start=\"3686\" data-end=\"3737\">Ka\u017cde \u0142\u00f3\u017ceczko przygotowujemy specjalnie dla Ciebie<\/p>\n<\/li>\n<\/ul>\n<hr data-start=\"3739\" data-end=\"3742\" \/>\n<h3 data-start=\"3744\" data-end=\"3758\">\ud83d\ude9a Dostawa<\/h3>\n<ul data-start=\"3760\" data-end=\"3909\">\n<li data-start=\"3760\" data-end=\"3801\">\n<p data-start=\"3762\" data-end=\"3801\"><strong data-start=\"3762\" data-end=\"3799\">Darmowa dostawa na terenie Polski<\/strong><\/p>\n<\/li>\n<li data-start=\"3802\" data-end=\"3851\">\n<p data-start=\"3804\" data-end=\"3851\">Transport pod wskazany adres (bez wniesienia)<\/p>\n<\/li>\n<li data-start=\"3852\" data-end=\"3909\">\n<p data-start=\"3854\" data-end=\"3909\">Mo\u017cliwo\u015b\u0107 dokupienia opcji <strong data-start=\"3881\" data-end=\"3909\">wniesienia i\/lub monta\u017cu<\/strong><\/p>\n<\/li>\n<\/ul>\n","protected":false},"excerpt":{"rendered":"<p>\ud83d\udecf\ufe0f \u0141\u00f3\u017ceczko \u201eChmurka\u201d z szuflad\u0105 i dodatkowym spaniem okazjonalnym Zestaw zawiera:\u2705 \u0142\u00f3\u017ceczko z ozdobnym zag\u0142\u00f3wkiem \u201echmurka\u201d\u2705 metalowy stela\u017c z listwami spr\u0119\u017cynuj\u0105cymi (g\u0142\u00f3wne spanie)\u2705 wysuwana szuflada z wbudowanym twardym materacem piankowym \u2013 funkcja pojemnika i okazjonalnego spania \ud83d\udeab Barierka i g\u0142\u00f3wny materac wybierane osobno \u2013 poni\u017cej konfiguratora produktu. \u2728 O produkcie Wersja \u0142\u00f3\u017ceczka \u201eChmurka\u201d z szuflad\u0105 [&hellip;]<\/p>\n","protected":false},"featured_media":7381,"comment_status":"open","ping_status":"closed","template":"","meta":[],"product_brand":[],"product_cat":[90],"product_tag":[],"class_list":{"0":"post-607","1":"product","2":"type-product","3":"status-publish","4":"has-post-thumbnail","6":"product_cat-lozka-dzieciece","7":"tm-has-options","9":"first","10":"instock","11":"shipping-taxable","12":"purchasable","13":"product-type-simple"},"_links":{"self":[{"href":"https:\/\/zula-kids.pl\/nowy\/wp-json\/wp\/v2\/product\/607","targetHints":{"allow":["GET"]}}],"collection":[{"href":"https:\/\/zula-kids.pl\/nowy\/wp-json\/wp\/v2\/product"}],"about":[{"href":"https:\/\/zula-kids.pl\/nowy\/wp-json\/wp\/v2\/types\/product"}],"replies":[{"embeddable":true,"href":"https:\/\/zula-kids.pl\/nowy\/wp-json\/wp\/v2\/comments?post=607"}],"wp:featuredmedia":[{"embeddable":true,"href":"https:\/\/zula-kids.pl\/nowy\/wp-json\/wp\/v2\/media\/7381"}],"wp:attachment":[{"href":"https:\/\/zula-kids.pl\/nowy\/wp-json\/wp\/v2\/media?parent=607"}],"wp:term":[{"taxonomy":"product_brand","embeddable":true,"href":"https:\/\/zula-kids.pl\/nowy\/wp-json\/wp\/v2\/product_brand?post=607"},{"taxonomy":"product_cat","embeddable":true,"href":"https:\/\/zula-kids.pl\/nowy\/wp-json\/wp\/v2\/product_cat?post=607"},{"taxonomy":"product_tag","embeddable":true,"href":"https:\/\/zula-kids.pl\/nowy\/wp-json\/wp\/v2\/product_tag?post=607"}],"curies":[{"name":"wp","href":"https:\/\/api.w.org\/{rel}","templated":true}]}}