{"id":1159,"date":"2025-01-16T17:07:21","date_gmt":"2025-01-16T16:07:21","guid":{"rendered":"https:\/\/zula-kids.pl\/nowy\/?post_type=product&#038;p=1159"},"modified":"2025-10-02T23:48:25","modified_gmt":"2025-10-02T21:48:25","slug":"lozeczko-zula-z-dodatkowym-rownym-spaniem","status":"publish","type":"product","link":"https:\/\/zula-kids.pl\/nowy\/produkt\/lozeczko-zula-z-dodatkowym-rownym-spaniem\/","title":{"rendered":"\u0141\u00f3\u017ceczko dzieci\u0119ce Zula z dodatkowym r\u00f3wnym spaniem"},"content":{"rendered":"<h2 data-start=\"337\" data-end=\"387\">\ud83d\udecf\ufe0f \u0141\u00f3\u017ceczko Zula z dodatkowym r\u00f3wnym spaniem<\/h2>\n<p data-start=\"388\" data-end=\"627\"><strong data-start=\"388\" data-end=\"407\">Zestaw zawiera:<\/strong> \u0142\u00f3\u017ceczko + <strong data-start=\"419\" data-end=\"464\">metalowy stela\u017c z listwami spr\u0119\u017cynuj\u0105cymi<\/strong> + wysuwane spanie z wbudowanym piankowym materacem o szeroko\u015bci 65 cm<br data-start=\"534\" data-end=\"537\" \/><em data-start=\"537\" data-end=\"627\">(barierka ochronna i g\u0142\u00f3wny materac nie s\u0105 w zestawie \u2013 mo\u017cesz dobra\u0107 je osobno poni\u017cej)<\/em><\/p>\n<blockquote data-start=\"629\" data-end=\"978\">\n<p data-start=\"631\" data-end=\"978\">\ud83d\udd14 <strong data-start=\"634\" data-end=\"644\">Wa\u017cne:<\/strong> w wersji z dodatkowym r\u00f3wnym spaniem <strong data-start=\"682\" data-end=\"737\">g\u0142\u00f3wny materac nie mo\u017ce przekracza\u0107 wysoko\u015bci 15 cm<\/strong>, aby po roz\u0142o\u017ceniu powsta\u0142a r\u00f3wna powierzchnia.<br data-start=\"785\" data-end=\"788\" \/>Rekomendujemy wyb\u00f3r materaca bezpo\u015brednio z konfiguratora \u2013 s\u0105 one dopasowane idealnie do tej konstrukcji. Mo\u017cesz te\u017c u\u017cy\u0107 w\u0142asnego materaca, <strong data-start=\"932\" data-end=\"977\">pod warunkiem, \u017ce ma max. 15 cm wysoko\u015bci<\/strong>.<\/p>\n<\/blockquote>\n<hr data-start=\"980\" data-end=\"983\" \/>\n<h3 data-start=\"985\" data-end=\"1005\">\u2728 Opis produktu:<\/h3>\n<p data-start=\"1007\" data-end=\"1352\">\u0141\u00f3\u017ceczko <strong data-start=\"1016\" data-end=\"1024\">Zula<\/strong> z dodatkowym r\u00f3wnym spaniem to funkcjonalny i estetyczny mebel do dzieci\u0119cego pokoju. Klasyczna forma i prosta linia sprawiaj\u0105, \u017ce \u0142\u00f3\u017ceczko wpisuje si\u0119 w r\u00f3\u017cne style wn\u0119trz.<br data-start=\"1198\" data-end=\"1201\" \/>Model ten \u0142\u0105czy klasyczne \u0142\u00f3\u017cko z praktycznym, pe\u0142nowymiarowym spaniem wysuwanym spod g\u0142\u00f3wnego \u0142\u00f3\u017ceczka \u2013 idealnym dla rodze\u0144stwa lub nocuj\u0105cych go\u015bci.<\/p>\n<hr data-start=\"1354\" data-end=\"1357\" \/>\n<h3 data-start=\"1359\" data-end=\"1393\">\ud83d\udccf Wymiary dodatkowego spania:<\/h3>\n<ul data-start=\"1395\" data-end=\"1692\">\n<li data-start=\"1395\" data-end=\"1435\">\n<p data-start=\"1397\" data-end=\"1435\"><strong data-start=\"1397\" data-end=\"1420\">Szeroko\u015b\u0107 materaca:<\/strong> zawsze 65 cm<\/p>\n<\/li>\n<li data-start=\"1436\" data-end=\"1501\">\n<p data-start=\"1438\" data-end=\"1501\"><strong data-start=\"1438\" data-end=\"1450\">D\u0142ugo\u015b\u0107:<\/strong> r\u00f3wna d\u0142ugo\u015bci \u0142\u00f3\u017ceczka (np. 160 \/ 180 \/ 200 cm)<\/p>\n<\/li>\n<li data-start=\"1502\" data-end=\"1598\">\n<p data-start=\"1504\" data-end=\"1598\">Wbudowany materac piankowy znajduje si\u0119 ju\u017c w wysuwanym elemencie \u2013 nie musisz nic dokupowa\u0107<\/p>\n<\/li>\n<li data-start=\"1599\" data-end=\"1692\">\n<p data-start=\"1601\" data-end=\"1692\">Dodatkowe spanie wysuwa si\u0119 na tej samej wysoko\u015bci, tworz\u0105c r\u00f3wn\u0105 i komfortow\u0105 powierzchni\u0119<\/p>\n<\/li>\n<\/ul>\n<hr data-start=\"1694\" data-end=\"1697\" \/>\n<h3 data-start=\"1699\" data-end=\"1728\">\ud83d\udd04 Wyb\u00f3r strony \u0142\u00f3\u017ceczka:<\/h3>\n<p data-start=\"1730\" data-end=\"1854\">Stron\u0119 \u0142\u00f3\u017ceczka okre\u015blamy patrz\u0105c na nie <strong data-start=\"1771\" data-end=\"1784\">od frontu<\/strong> \u2013 po kt\u00f3rej stronie ma si\u0119 znajdowa\u0107 zag\u0142\u00f3wek (wy\u017cszy element \u0142\u00f3\u017cka):<\/p>\n<ul data-start=\"1856\" data-end=\"1988\">\n<li data-start=\"1856\" data-end=\"1922\">\n<p data-start=\"1858\" data-end=\"1922\"><strong data-start=\"1858\" data-end=\"1874\">Wersja prawa<\/strong> \u2013 zag\u0142\u00f3wek po prawej stronie (jak na zdj\u0119ciu)<\/p>\n<\/li>\n<li data-start=\"1923\" data-end=\"1988\">\n<p data-start=\"1925\" data-end=\"1988\"><strong data-start=\"1925\" data-end=\"1940\">Wersja lewa<\/strong> \u2013 zag\u0142\u00f3wek po lewej stronie (lustrzane odbicie)<\/p>\n<\/li>\n<\/ul>\n<p data-start=\"1990\" data-end=\"2063\">\ud83d\uddbc\ufe0f Mo\u017cesz sprawdzi\u0107 to r\u00f3wnie\u017c na rysunku technicznym z widokiem z g\u00f3ry.<\/p>\n<hr data-start=\"2065\" data-end=\"2068\" \/>\n<h3 data-start=\"2070\" data-end=\"2113\">\ud83d\udee0\ufe0f Produkt na indywidualne zam\u00f3wienie:<\/h3>\n<p data-start=\"2115\" data-end=\"2272\">Ka\u017cde \u0142\u00f3\u017ceczko <strong data-start=\"2130\" data-end=\"2138\">Zula<\/strong> wykonywane jest na indywidualne zam\u00f3wienie \u2013 r\u0119cznie, z najwy\u017csz\u0105 staranno\u015bci\u0105 i zgodnie z Twoim wyborem wersji, koloru i akcesori\u00f3w.<\/p>\n<hr data-start=\"2274\" data-end=\"2277\" \/>\n<h3 data-start=\"2279\" data-end=\"2313\">\ud83d\udce6 Co znajduje si\u0119 w zestawie:<\/h3>\n<p data-start=\"2315\" data-end=\"2462\">\u2705 Rama \u0142\u00f3\u017ceczka<br data-start=\"2330\" data-end=\"2333\" \/>\u2705 <strong data-start=\"2335\" data-end=\"2380\">Metalowy stela\u017c z listwami spr\u0119\u017cynuj\u0105cymi<\/strong> pod g\u0142\u00f3wne spanie<br data-start=\"2398\" data-end=\"2401\" \/>\u2705 Wysuwane spanie z wbudowanym piankowym materacem i stela\u017cem<\/p>\n<p data-start=\"2464\" data-end=\"2603\">\ud83d\udeab <strong data-start=\"2467\" data-end=\"2499\">Barierka nie jest w zestawie<\/strong> \u2013 mo\u017cesz doda\u0107 j\u0105 osobno<br data-start=\"2524\" data-end=\"2527\" \/>\ud83d\udeab <strong data-start=\"2530\" data-end=\"2548\">G\u0142\u00f3wny materac<\/strong> (g\u00f3rny) \u2013 wybierany oddzielnie (maks. 15 cm wysoko\u015bci)<\/p>\n<hr data-start=\"2605\" data-end=\"2608\" \/>\n<h3 data-start=\"2610\" data-end=\"2639\">\ud83d\udd27 Barierka \u2013 informacje:<\/h3>\n<ul data-start=\"2641\" data-end=\"2881\">\n<li data-start=\"2641\" data-end=\"2746\">\n<p data-start=\"2643\" data-end=\"2746\">Barierka przystosowana jest do konkretnej strony (lewa\/prawa) \u2013 zgodnej z wybranym wariantem \u0142\u00f3\u017ceczka<\/p>\n<\/li>\n<li data-start=\"2747\" data-end=\"2798\">\n<p data-start=\"2749\" data-end=\"2798\"><strong data-start=\"2749\" data-end=\"2796\">Nie mo\u017cna jej zamontowa\u0107 po drugiej stronie<\/strong><\/p>\n<\/li>\n<li data-start=\"2799\" data-end=\"2881\">\n<p data-start=\"2801\" data-end=\"2881\">Jest <strong data-start=\"2806\" data-end=\"2822\">demontowalna<\/strong> \u2013 mo\u017cesz j\u0105 \u0142atwo zdejmowa\u0107 i zak\u0142ada\u0107 bez u\u017cycia narz\u0119dzi<\/p>\n<\/li>\n<\/ul>\n<hr data-start=\"2883\" data-end=\"2886\" \/>\n<h3 data-start=\"2888\" data-end=\"2924\">\ud83e\udeb5 Materia\u0142y i jako\u015b\u0107 wykonania:<\/h3>\n<ul data-start=\"2926\" data-end=\"3098\">\n<li data-start=\"2926\" data-end=\"2965\">\n<p data-start=\"2928\" data-end=\"2965\">Wysokiej jako\u015bci drewno i p\u0142yta MDF<\/p>\n<\/li>\n<li data-start=\"2966\" data-end=\"3030\">\n<p data-start=\"2968\" data-end=\"3030\">Ekologiczne, bezpieczne farby i lakiery z atestami (EN 71-3)<\/p>\n<\/li>\n<li data-start=\"3031\" data-end=\"3098\">\n<p data-start=\"3033\" data-end=\"3098\">R\u0119czne wyko\u0144czenie bez ostrych kraw\u0119dzi, z dopracowanymi detalami<\/p>\n<\/li>\n<\/ul>\n<hr data-start=\"3100\" data-end=\"3103\" \/>\n<h3 data-start=\"3105\" data-end=\"3147\">\ud83d\udecf\ufe0f G\u0142\u00f3wny materac \u2013 wyb\u00f3r opcjonalny:<\/h3>\n<p data-start=\"3149\" data-end=\"3195\">Materac nie jest do\u0142\u0105czony do zestawu. Mo\u017cesz:<\/p>\n<ul data-start=\"3197\" data-end=\"3321\">\n<li data-start=\"3197\" data-end=\"3233\">\n<p data-start=\"3199\" data-end=\"3233\">wybra\u0107 go teraz w konfiguratorze<\/p>\n<\/li>\n<li data-start=\"3234\" data-end=\"3277\">\n<p data-start=\"3236\" data-end=\"3277\">kupi\u0107 p\u00f3\u017aniej w zak\u0142adce <strong data-start=\"3261\" data-end=\"3275\">\u201eMaterace\u201d<\/strong><\/p>\n<\/li>\n<li data-start=\"3278\" data-end=\"3321\">\n<p data-start=\"3280\" data-end=\"3321\">lub u\u017cy\u0107 w\u0142asnego (maks. 15 cm wysoko\u015bci)<\/p>\n<\/li>\n<\/ul>\n<p data-start=\"3323\" data-end=\"3343\"><strong data-start=\"3323\" data-end=\"3343\">Dost\u0119pne modele:<\/strong><\/p>\n<div class=\"_tableContainer_80l1q_1\">\n<div class=\"_tableWrapper_80l1q_14 group flex w-fit flex-col-reverse\" tabindex=\"-1\">\n<table class=\"w-fit min-w-(--thread-content-width)\" data-start=\"3345\" data-end=\"3779\">\n<thead data-start=\"3345\" data-end=\"3452\">\n<tr data-start=\"3345\" data-end=\"3452\">\n<th data-start=\"3345\" data-end=\"3355\" data-col-size=\"sm\">Model<\/th>\n<th data-start=\"3355\" data-end=\"3388\" data-col-size=\"sm\">Budowa<\/th>\n<th data-start=\"3388\" data-end=\"3452\" data-col-size=\"md\">W\u0142a\u015bciwo\u015bci<\/th>\n<\/tr>\n<\/thead>\n<tbody data-start=\"3562\" data-end=\"3779\">\n<tr data-start=\"3562\" data-end=\"3670\">\n<td data-start=\"3562\" data-end=\"3572\" data-col-size=\"sm\">Pocket<\/td>\n<td data-start=\"3572\" data-end=\"3605\" data-col-size=\"sm\">Spr\u0119\u017cyny kieszeniowe + pianka<\/td>\n<td data-start=\"3605\" data-end=\"3670\" data-col-size=\"md\">Dwustronny, \u015brednio twardy (H3), wys. 15 cm, dobra wentylacja<\/td>\n<\/tr>\n<tr data-start=\"3671\" data-end=\"3779\">\n<td data-start=\"3671\" data-end=\"3681\" data-col-size=\"sm\">Visco<\/td>\n<td data-start=\"3681\" data-end=\"3714\" data-col-size=\"sm\">Pianka HR + warstwa memory<\/td>\n<td data-start=\"3714\" data-end=\"3779\" data-col-size=\"md\">Jednostronny, dopasowuje si\u0119 do cia\u0142a dziecka, komfortowy<\/td>\n<\/tr>\n<\/tbody>\n<\/table>\n<div class=\"sticky end-(--thread-content-margin) h-0 self-end select-none\">\n<div class=\"absolute end-0 flex items-end\"><\/div>\n<\/div>\n<\/div>\n<\/div>\n<hr data-start=\"3781\" data-end=\"3784\" \/>\n<h3 data-start=\"3786\" data-end=\"3821\">\ud83d\udcd0 Wymiary zewn\u0119trzne \u0142\u00f3\u017ceczka:<\/h3>\n<p data-start=\"3823\" data-end=\"3914\">Model <strong data-start=\"3829\" data-end=\"3837\">Zula<\/strong> ma solidn\u0105 i klasyczn\u0105 konstrukcj\u0119. Aby obliczy\u0107 pe\u0142ny rozmiar mebla, dodaj:<\/p>\n<ul data-start=\"3916\" data-end=\"3969\">\n<li data-start=\"3916\" data-end=\"3942\">\n<p data-start=\"3918\" data-end=\"3942\"><strong data-start=\"3918\" data-end=\"3940\">+10 cm do d\u0142ugo\u015bci<\/strong><\/p>\n<\/li>\n<li data-start=\"3943\" data-end=\"3969\">\n<p data-start=\"3945\" data-end=\"3969\"><strong data-start=\"3945\" data-end=\"3969\">+10 cm do szeroko\u015bci<\/strong><\/p>\n<\/li>\n<\/ul>\n<div class=\"_tableContainer_80l1q_1\">\n<div class=\"_tableWrapper_80l1q_14 group flex w-fit flex-col-reverse\" tabindex=\"-1\">\n<table class=\"w-fit min-w-(--thread-content-width)\" data-start=\"3971\" data-end=\"4179\">\n<thead data-start=\"3971\" data-end=\"4011\">\n<tr data-start=\"3971\" data-end=\"4011\">\n<th data-start=\"3971\" data-end=\"3984\" data-col-size=\"sm\">Materac<\/th>\n<th data-start=\"3984\" data-end=\"4011\" data-col-size=\"sm\">Wymiar zewn\u0119trzny \u0142\u00f3\u017cka<\/th>\n<\/tr>\n<\/thead>\n<tbody data-start=\"4054\" data-end=\"4179\">\n<tr data-start=\"4054\" data-end=\"4095\">\n<td data-start=\"4054\" data-end=\"4067\" data-col-size=\"sm\">160\u00d780 cm<\/td>\n<td data-start=\"4067\" data-end=\"4095\" data-col-size=\"sm\">170\u00d790 cm<\/td>\n<\/tr>\n<tr data-start=\"4096\" data-end=\"4137\">\n<td data-start=\"4096\" data-end=\"4109\" data-col-size=\"sm\">180\u00d790 cm<\/td>\n<td data-start=\"4109\" data-end=\"4137\" data-col-size=\"sm\">190\u00d7100 cm<\/td>\n<\/tr>\n<tr data-start=\"4138\" data-end=\"4179\">\n<td data-start=\"4138\" data-end=\"4151\" data-col-size=\"sm\">200\u00d790 cm<\/td>\n<td data-start=\"4151\" data-end=\"4179\" data-col-size=\"sm\">210\u00d7100 cm<\/td>\n<\/tr>\n<\/tbody>\n<\/table>\n<div class=\"sticky end-(--thread-content-margin) h-0 self-end select-none\">\n<div class=\"absolute end-0 flex items-end\"><\/div>\n<\/div>\n<\/div>\n<\/div>\n<hr data-start=\"4181\" data-end=\"4184\" \/>\n<h3 data-start=\"4186\" data-end=\"4211\">\ud83d\udccf Wysoko\u015b\u0107 zag\u0142\u00f3wka:<\/h3>\n<p data-start=\"4213\" data-end=\"4307\">Wybierana przy konfiguracji \u2013 mierzona od pod\u0142ogi do najwy\u017cszego punktu (np. 80 cm lub 100 cm)<\/p>\n<hr data-start=\"4309\" data-end=\"4312\" \/>\n<h3 data-start=\"4314\" data-end=\"4342\">\u23f1\ufe0f Realizacja i dostawa:<\/h3>\n<ul data-start=\"4344\" data-end=\"4476\">\n<li data-start=\"4344\" data-end=\"4378\">\n<p data-start=\"4346\" data-end=\"4378\">Produkcja: <strong data-start=\"4357\" data-end=\"4376\">ok. 8\u20139 tygodni<\/strong><\/p>\n<\/li>\n<li data-start=\"4379\" data-end=\"4414\">\n<p data-start=\"4381\" data-end=\"4414\">Dostawa na terenie ca\u0142ej Polski<\/p>\n<\/li>\n<li data-start=\"4415\" data-end=\"4476\">\n<p data-start=\"4417\" data-end=\"4476\">Mo\u017cliwo\u015b\u0107 zam\u00f3wienia opcji <strong data-start=\"4444\" data-end=\"4476\">z wniesieniem i\/lub monta\u017cem<\/strong><\/p>\n<\/li>\n<\/ul>\n","protected":false},"excerpt":{"rendered":"<p>\ud83d\udecf\ufe0f \u0141\u00f3\u017ceczko Zula z dodatkowym r\u00f3wnym spaniem Zestaw zawiera: \u0142\u00f3\u017ceczko + metalowy stela\u017c z listwami spr\u0119\u017cynuj\u0105cymi + wysuwane spanie z wbudowanym piankowym materacem o szeroko\u015bci 65 cm(barierka ochronna i g\u0142\u00f3wny materac nie s\u0105 w zestawie \u2013 mo\u017cesz dobra\u0107 je osobno poni\u017cej) \ud83d\udd14 Wa\u017cne: w wersji z dodatkowym r\u00f3wnym spaniem g\u0142\u00f3wny materac nie mo\u017ce przekracza\u0107 wysoko\u015bci [&hellip;]<\/p>\n","protected":false},"featured_media":7439,"comment_status":"open","ping_status":"closed","template":"","meta":[],"product_brand":[],"product_cat":[90],"product_tag":[],"class_list":{"0":"post-1159","1":"product","2":"type-product","3":"status-publish","4":"has-post-thumbnail","6":"product_cat-lozka-dzieciece","7":"tm-has-options","9":"first","10":"instock","11":"shipping-taxable","12":"purchasable","13":"product-type-simple"},"_links":{"self":[{"href":"https:\/\/zula-kids.pl\/nowy\/wp-json\/wp\/v2\/product\/1159","targetHints":{"allow":["GET"]}}],"collection":[{"href":"https:\/\/zula-kids.pl\/nowy\/wp-json\/wp\/v2\/product"}],"about":[{"href":"https:\/\/zula-kids.pl\/nowy\/wp-json\/wp\/v2\/types\/product"}],"replies":[{"embeddable":true,"href":"https:\/\/zula-kids.pl\/nowy\/wp-json\/wp\/v2\/comments?post=1159"}],"wp:featuredmedia":[{"embeddable":true,"href":"https:\/\/zula-kids.pl\/nowy\/wp-json\/wp\/v2\/media\/7439"}],"wp:attachment":[{"href":"https:\/\/zula-kids.pl\/nowy\/wp-json\/wp\/v2\/media?parent=1159"}],"wp:term":[{"taxonomy":"product_brand","embeddable":true,"href":"https:\/\/zula-kids.pl\/nowy\/wp-json\/wp\/v2\/product_brand?post=1159"},{"taxonomy":"product_cat","embeddable":true,"href":"https:\/\/zula-kids.pl\/nowy\/wp-json\/wp\/v2\/product_cat?post=1159"},{"taxonomy":"product_tag","embeddable":true,"href":"https:\/\/zula-kids.pl\/nowy\/wp-json\/wp\/v2\/product_tag?post=1159"}],"curies":[{"name":"wp","href":"https:\/\/api.w.org\/{rel}","templated":true}]}}